{"id":22,"date":"2026-02-12T02:29:36","date_gmt":"2026-02-12T02:29:36","guid":{"rendered":"https:\/\/www.somae.be\/?page_id=22"},"modified":"2026-03-04T13:24:18","modified_gmt":"2026-03-04T13:24:18","slug":"page-daccueil","status":"publish","type":"page","link":"https:\/\/www.somae.be\/","title":{"rendered":"Page d&#8217;accueil"},"content":{"rendered":"\t\t<div data-elementor-type=\"wp-page\" data-elementor-id=\"22\" class=\"elementor elementor-22\">\n\t\t\t\t<div class=\"elementor-element elementor-element-undefined-4782c74 e-flex e-con-boxed e-con e-parent\" data-id=\"undefined-4782c74\" data-element_type=\"container\" data-e-type=\"container\" data-settings=\"{&quot;background_background&quot;:&quot;classic&quot;}\">\n\t\t\t\t\t<div class=\"e-con-inner\">\n\t\t<div class=\"elementor-element elementor-element-undefined-4864e84 e-flex e-con-boxed e-con e-child\" data-id=\"undefined-4864e84\" data-element_type=\"container\" data-e-type=\"container\">\n\t\t\t\t\t<div class=\"e-con-inner\">\n\t\t\t\t<div class=\"elementor-element elementor-element-f869ced elementor-widget elementor-widget-image\" data-id=\"f869ced\" data-element_type=\"widget\" data-e-type=\"widget\" data-widget_type=\"image.default\">\n\t\t\t\t\t\t\t\t\t\t\t\t\t\t\t<img decoding=\"async\" width=\"150\" height=\"32\" src=\"https:\/\/www.somae.be\/wp-content\/uploads\/2026\/02\/cropped-logo-somae-150x32.png\" class=\"attachment-thumbnail size-thumbnail wp-image-19\" alt=\"Logo Somae\" \/>\t\t\t\t\t\t\t\t\t\t\t\t\t\t\t<\/div>\n\t\t\t\t<div class=\"elementor-element elementor-element-undefined-79f71f2 elementor-widget elementor-widget-heading\" data-id=\"undefined-79f71f2\" data-element_type=\"widget\" data-e-type=\"widget\" data-widget_type=\"heading.default\">\n\t\t\t\t\t<h1 class=\"elementor-heading-title elementor-size-default\">Votre cabinet de kin\u00e9sith\u00e9rapie, sophrologie et bien-\u00eatre \u00e0 Chastre<\/h1>\t\t\t\t<\/div>\n\t\t\t\t<div class=\"elementor-element elementor-element-undefined-46278e1 elementor-widget elementor-widget-text-editor\" data-id=\"undefined-46278e1\" data-element_type=\"widget\" data-e-type=\"widget\" data-widget_type=\"text-editor.default\">\n\t\t\t\t\t\t\t\t\t<p><strong>L&#8217;\u00e9quipe de Somae vous accompagne vers le mieux-\u00eatre.\u00a0<\/strong><\/p><p><strong>\u00a0<\/strong><\/p><p>Nous sommes l\u00e0 pour vous aider \u00e0 trouver l&#8217;\u00e9quilibre et la s\u00e9r\u00e9nit\u00e9.<\/p>\t\t\t\t\t\t\t\t<\/div>\n\t\t\t\t<div class=\"elementor-element elementor-element-undefined-8cb6f77 elementor-widget__width-auto elementor-align-right elementor-widget elementor-widget-button\" data-id=\"undefined-8cb6f77\" data-element_type=\"widget\" data-e-type=\"widget\" data-widget_type=\"button.default\">\n\t\t\t\t\t\t\t\t\t\t<a class=\"elementor-button elementor-button-link elementor-size-sm\" href=\"https:\/\/rosa.be\/fr\/hp\/sabine-berger\/\" target=\"_blank\">\n\t\t\t\t\t\t<span class=\"elementor-button-content-wrapper\">\n\t\t\t\t\t\t\t\t\t<span class=\"elementor-button-text\">\u2794 Prendre RDV en ligne  avec Sabine Berger<\/span>\n\t\t\t\t\t<\/span>\n\t\t\t\t\t<\/a>\n\t\t\t\t\t\t\t\t<\/div>\n\t\t\t\t<div class=\"elementor-element elementor-element-260d941 elementor-widget__width-auto elementor-align-right elementor-widget elementor-widget-button\" data-id=\"260d941\" data-element_type=\"widget\" data-e-type=\"widget\" data-widget_type=\"button.default\">\n\t\t\t\t\t\t\t\t\t\t<a class=\"elementor-button elementor-button-link elementor-size-sm\" href=\"tel:+32477521899\" target=\"_blank\">\n\t\t\t\t\t\t<span class=\"elementor-button-content-wrapper\">\n\t\t\t\t\t\t\t\t\t<span class=\"elementor-button-text\">\u260f Prendre RDV au 0477 52 18 99 avec Jean-Marie Westendorp  <\/span>\n\t\t\t\t\t<\/span>\n\t\t\t\t\t<\/a>\n\t\t\t\t\t\t\t\t<\/div>\n\t\t\t\t\t<\/div>\n\t\t\t\t<\/div>\n\t\t\t\t\t<\/div>\n\t\t\t\t<\/div>\n\t\t<div class=\"elementor-element elementor-element-9696fea e-flex e-con-boxed e-con e-parent\" data-id=\"9696fea\" data-element_type=\"container\" data-e-type=\"container\">\n\t\t\t\t\t<div class=\"e-con-inner\">\n\t\t\t\t<div class=\"elementor-element elementor-element-e1e04ff elementor-widget elementor-widget-text-editor\" data-id=\"e1e04ff\" data-element_type=\"widget\" data-e-type=\"widget\" data-widget_type=\"text-editor.default\">\n\t\t\t\t\t\t\t\t\t<p><b>Nous vous accueillons dans notre cabinet situ\u00e9 <a href=\"https:\/\/maps.app.goo.gl\/EQ2P63Jj3s98eQCm6\" target=\"_blank\" rel=\"noopener\">Rue des Carri\u00e8res 9 \u00e0 1450 Cortil-Noirmont<\/a> (Chastre)<\/b><\/p>\t\t\t\t\t\t\t\t<\/div>\n\t\t\t\t\t<\/div>\n\t\t\t\t<\/div>\n\t\t<div class=\"elementor-element elementor-element-7d0bcf8 e-flex e-con-boxed e-con e-parent\" data-id=\"7d0bcf8\" data-element_type=\"container\" data-e-type=\"container\">\n\t\t\t\t\t<div class=\"e-con-inner\">\n\t\t\t\t<div class=\"elementor-element elementor-element-96e5428 elementor-widget__width-initial elementor-widget elementor-widget-google_maps\" data-id=\"96e5428\" data-element_type=\"widget\" data-e-type=\"widget\" data-widget_type=\"google_maps.default\">\n\t\t\t\t\t\t\t<div class=\"elementor-custom-embed\">\n\t\t\t<iframe loading=\"lazy\"\n\t\t\t\t\tsrc=\"https:\/\/maps.google.com\/maps?q=Rue%20des%20carri%C3%A8res%209%20cortil%20noirmont&#038;t=m&#038;z=14&#038;output=embed&#038;iwloc=near\"\n\t\t\t\t\ttitle=\"Rue des carri\u00e8res 9 cortil noirmont\"\n\t\t\t\t\taria-label=\"Rue des carri\u00e8res 9 cortil noirmont\"\n\t\t\t><\/iframe>\n\t\t<\/div>\n\t\t\t\t\t\t<\/div>\n\t\t\t\t\t<\/div>\n\t\t\t\t<\/div>\n\t\t<div class=\"elementor-element elementor-element-a042849 e-flex e-con-boxed e-con e-parent\" data-id=\"a042849\" data-element_type=\"container\" data-e-type=\"container\">\n\t\t\t\t\t<div class=\"e-con-inner\">\n\t\t\t\t<div class=\"elementor-element elementor-element-1897725 elementor-widget elementor-widget-text-editor\" data-id=\"1897725\" data-element_type=\"widget\" data-e-type=\"widget\" data-widget_type=\"text-editor.default\">\n\t\t\t\t\t\t\t\t\t<p>Encore un petit peu de patience&#8230;. notre nouveau site est en cours de construction !<\/p>\t\t\t\t\t\t\t\t<\/div>\n\t\t\t\t\t<\/div>\n\t\t\t\t<\/div>\n\t\t\t\t<\/div>\n\t\t","protected":false},"excerpt":{"rendered":"<p>Votre cabinet de kin\u00e9sith\u00e9rapie, sophrologie et bien-\u00eatre \u00e0 Chastre L&#8217;\u00e9quipe de Somae vous accompagne vers le mieux-\u00eatre.\u00a0 \u00a0 Nous sommes l\u00e0 pour vous aider \u00e0 [&hellip;]<\/p>\n","protected":false},"author":1,"featured_media":0,"parent":0,"menu_order":0,"comment_status":"closed","ping_status":"closed","template":"elementor_canvas","meta":{"footnotes":""},"class_list":["post-22","page","type-page","status-publish","hentry"],"_links":{"self":[{"href":"https:\/\/www.somae.be\/index.php\/wp-json\/wp\/v2\/pages\/22","targetHints":{"allow":["GET"]}}],"collection":[{"href":"https:\/\/www.somae.be\/index.php\/wp-json\/wp\/v2\/pages"}],"about":[{"href":"https:\/\/www.somae.be\/index.php\/wp-json\/wp\/v2\/types\/page"}],"author":[{"embeddable":true,"href":"https:\/\/www.somae.be\/index.php\/wp-json\/wp\/v2\/users\/1"}],"replies":[{"embeddable":true,"href":"https:\/\/www.somae.be\/index.php\/wp-json\/wp\/v2\/comments?post=22"}],"version-history":[{"count":48,"href":"https:\/\/www.somae.be\/index.php\/wp-json\/wp\/v2\/pages\/22\/revisions"}],"predecessor-version":[{"id":109,"href":"https:\/\/www.somae.be\/index.php\/wp-json\/wp\/v2\/pages\/22\/revisions\/109"}],"wp:attachment":[{"href":"https:\/\/www.somae.be\/index.php\/wp-json\/wp\/v2\/media?parent=22"}],"curies":[{"name":"wp","href":"https:\/\/api.w.org\/{rel}","templated":true}]}}